er when 357 is divided by 201.
156
Calculate the remainder when 96276 is divided by 26.
24
What is the remainder when 6066 is divided by 5979?
87
What is the remainder when 201680 is divided by 98?
94
Calculate the remainder when 2827 is divided by 282.
7
Calculate the remainder when 36299 is divided by 497.
18
Calculate the remainder when 15274 is divided by 104.
90
Calculate the remainder when 25916 is divided by 25678.
238
Calculate the remainder when 35709 is divided by 24.
21
What is the remainder when 11856 is divided by 18?
12
Calculate the remainder when 45718 is divided by 99.
79
What is the remainder when 5785 is divided by 637?
52
What is the remainder when 9635 is divided by 292?
291
What is the remainder when 39172 is divided by 115?
72
What is the remainder when 16380 is divided by 745?
735
Calculate the remainder when 4466 is divided by 283.
221
Calculate the remainder when 1408 is divided by 258.
118
What is the remainder when 885103 is divided by 188?
187
Calculate the remainder when 31235 is divided by 331.
121
Calculate the remainder when 10592 is divided by 557.
9
What is the remainder when 1761 is divided by 880?
1
Calculate the remainder when 2412955 is divided by 182.
181
Calculate the remainder when 14112 is divided by 47.
12
What is the remainder when 5683 is divided by 227?
8
What is the remainder when 13577 is divided by 97?
94
Calculate the remainder when 1336262 is divided by 5.
2
What is the remainder when 13998 is divided by 14?
12
What is the remainder when 165 is divided by 37?
17
Calculate the remainder when 64035 is divided by 16.
3
Calculate the remainder when 2905 is divided by 949.
58
What is the remainder when 97275 is divided by 48595?
85
What is the remainder when 14662 is divided by 341?
340
Calculate the remainder when 1535 is divided by 73.
2
Calculate the remainder when 1561041 is divided by 7.
6
Calculate the remainder when 199088 is divided by 86.
84
Calculate the remainder when 5061 is divided by 730.
681
Calculate the remainder when 13628 is divided by 285.
233
What is the remainder when 50948 is divided by 129?
122
What is the remainder when 2778 is divided by 116?
110
What is the remainder when 222 is divided by 9?
6
Calculate the remainder when 2687 is divided by 2661.
26
Calculate the remainder when 5762 is divided by 540.
362
What is the remainder when 3513 is divided by 3506?
7
What is the remainder when 6706 is divided by 3345?
16
Calculate the remainder when 7238 is divided by 422.
64
What is the remainder when 26961 is divided by 252?
249
What is the remainder when 97607 is divided by 74?
1
What is the remainder when 920 is divided by 467?
453
What is the remainder when 46571 is divided by 146?
143
What is the remainder when 48792 is divided by 159?
138
Calculate the remainder when 69813 is divided by 997.
23
Calculate the remainder when 127911 is divided by 731.
717
Calculate the remainder when 207135 is divided by 138.
135
What is the remainder when 1878 is divided by 169?
19
Calculate the remainder when 3669 is divided by 131.
1
What is the remainder when 429 is divided by 70?
9
What is the remainder when 17274 is divided by 5305?
1359
What is the remainder when 4701 is divided by 473?
444
What is the remainder when 2119519 is divided by 1019?
1018
Calculate the remainder when 145037 is divided by 245.
242
Calculate the remainder when 702 is divided by 46.
12
What is the remainder when 6436 is divided by 310?
236
Calculate the remainder when 42469 is divided by 120.
109
Calculate the remainder when 59549 is divided by 1323.
14
What is the remainder when 10955 is divided by 1368?
11
Calculate the remainder when 136300 is divided by 67.
22
What is the remainder when 588707 is divided by 294348?
11
What is the remainder when 49715 is divided by 75?
65
Calculate the remainder when 22381 is divided by 415.
386
Calculate the remainder when 625 is divided by 104.
1
What is the remainder when 7327 is divided by 13?
8
What is the remainder when 345 is divided by 23?
0
What is the remainder when 2022392 is divided by 122?
120
Calculate the remainder when 29812 is divided by 1363.
1189
What is the remainder when 24971 is divided by 8305?
56
Calculate the remainder when 17623 is divided by 5868.
19
What is the remainder when 32755 is divided by 3638?
13
Calculate the remainder when 292 is divided by 13.
6
What is the remainder when 6150 is divided by 2037?
39
Calculate the remainder when 14492 is divided by 10.
2
Calculate the remainder when 48119 is divided by 9.
5
What is the remainder when 122602 is divided by 155?
152
Calculate the remainder when 134035 is divided by 28.
27
What is the remainder when 86504 is divided by 125?
4
Calculate the remainder when 80931 is divided by 47.
44
Calculate the remainder when 22010 is divided by 2510.
1930
What is the remainder when 10427 is divided by 9630?
797
What is the remainder when 7204317 is divided by 8?
5
Calculate the remainder when 36861 is divided by 24.
21
What is the remainder when 88506 is divided by 29494?
24
Calculate the remainder when 196669 is divided by 39.
31
Calculate the remainder when 1725598 is divided by 2157.
2155
What is the remainder when 188480 is divided by 34?
18
What is the remainder when 161 is divided by 71?
19
What is the remainder when 11586 is divided by 889?
29
What is the remainder when 142925 is divided by 8407?
6
What is the remainder when 21234 is divided by 758?
10
Calculate the remainder when 12841 is divided by 12841.
0
Calculate the remainder when 15815 is divided by 493.
39
Calculate the remainder when 12085 is divided by 2415.
10
What is the remainder when 203394 is divided by 1007?
987
Calculate the remainder when 5342 is divided by 297.
293
What is the remainder when 6375 is divided by 6356?
19
Calculate the remainder when 175080 is divided by 22.
4
Calculate the remainder when 461919 is divided by 27.
3
Calculate the remainder when 8673 is divided by 872.
825
Calculate the remainder when 42484 is divided by 72.
4
Calculate the remainder when 40127 is divided by 194.
163
Calculate the remainder when 1313 is divided by 167.
144
Calculate the remainder when 3159 is divided by 1462.
235
What is the remainder when 5327 is divided by 374?
91
What is the remainder when 6218 is divided by 2841?
536
Calculate the remainder when 251191 is divided by 247.
239
What is the remainder when 341795 is divided by 91?
90
What is the remainder when 297 is divided by 131?
35
Calculate the remainder when 197342 is divided by 7047.
26
What is the remainder when 882 is divided by 334?
214
What is the remainder when 2142 is divided by 337?
120
Calculate the remainder when 19204 is divided by 19.
14
Calculate the remainder when 132429 is divided by 95.
94
What is the remainder when 57542 is divided by 3592?
70
What is the remainder when 36085 is divided by 975?
10
Calculate the remainder when 7304 is divided by 1985.
1349
What is the remainder when 315549 is divided by 228?
225
What is the remainder when 45966 is divided by 27?
12
What is the remainder when 1753717 is divided by 1459?
1458
Calculate the remainder when 27653 is divided by 31.
1
Calculate the remainder when 62466 is divided by 194.
192
What is the remainder when 171022 is divided by 28?
26
Calculate the remainder when 702134 is divided by 63830.
4
What is the remainder when 8077 is divided by 288?
13
Calculate the remainder when 15344 is divided by 135.
89
What is the remainder when 5163 is divided by 18?
15
Calculate the remainder when 233412 is divided by 238.
172
What is the remainder when 3037 is divided by 335?
22
Calculate the remainder when 105427 is divided by 138.
133
Calculate the remainder when 79628 is divided by 1193.
890
Calculate the remainder when 174526 is divided by 118.
4
Calculate the remainder when 39377 is divided by 179.
176
Calculate the remainder when 47153 is divided by 14.
1
Calculate the remainder when 111731 is divided by 347.
344
Calculate the remainder when 35226 is divided by 436.
346
Calculate the remainder when 358 is divided by 112.
22
What is the remainder when 22541 is divided by 7455?
176
Calculate the remainder when 11791 is divided by 10531.
1260
Calculate the remainder when 400483 is divided by 41.
36
Calculate the rema